{"id":2,"date":"2017-09-06T07:37:41","date_gmt":"2017-09-06T07:37:41","guid":{"rendered":"http:\/\/klingenderkreisel.at\/?page_id=2"},"modified":"2021-07-14T13:11:43","modified_gmt":"2021-07-14T13:11:43","slug":"impressum","status":"publish","type":"page","link":"https:\/\/klingenderkreisel.at\/index.php\/impressum\/","title":{"rendered":"Impressum"},"content":{"rendered":"<div class=\"fusion-fullwidth fullwidth-box fusion-builder-row-1 nonhundred-percent-fullwidth non-hundred-percent-height-scrolling\" style=\"--awb-border-radius-top-left:0px;--awb-border-radius-top-right:0px;--awb-border-radius-bottom-right:0px;--awb-border-radius-bottom-left:0px;--awb-padding-right:100px;--awb-padding-left:100px;--awb-margin-top:50px;--awb-margin-bottom:50px;--awb-flex-wrap:wrap;\" ><div class=\"fusion-builder-row fusion-row\"><div class=\"fusion-layout-column fusion_builder_column fusion-builder-column-0 fusion_builder_column_1_1 1_1 fusion-one-full fusion-column-first fusion-column-last\" style=\"--awb-bg-size:cover;\"><div class=\"fusion-column-wrapper fusion-flex-column-wrapper-legacy\"><div class=\"fusion-text fusion-text-1\"><h3>Impressum<\/h3>\n<p>Zum Klingender Kreisel OG<\/p>\n<p>Werkstatt f\u00fcr Resonanz- und Rotationsk\u00f6rper<br \/>\nJakob und Susanne Schaff<br \/>\nTriebendorf 11<br \/>\n8850 Murau<\/p>\n<p>Tel: <a href=\"tel:+4366473825680\">+43 664 73 82 56 80<\/a><\/p>\n<p>Mail: <a href=\"mailto:office@klingenderkreisel.at\">office@klingender-kreisel.at<\/a><\/p>\n<p>Web: <a href=\"http:\/\/www.klingenderkreisel.at\">www.klingender-kreisel.at<\/a><\/p>\n<p>Vertretungsberechtigte Personen: Jakob Schaff, Susanne Schaff<\/p>\n<p>Sitz des Unternehmens: Murau<br \/>\nGerichtsstand: Leoben<br \/>\nHaftungsausschluss: Der Autor \u00fcbernimmt keinerlei Gew\u00e4hr hinsichtlich der inhaltlichen Richtigkeit, Genauigkeit, Aktualit\u00e4t, Zuverl\u00e4ssigkeit und Vollst\u00e4ndigkeit der Informationen. Haftungsanspr\u00fcche gegen den Autor wegen Sch\u00e4den materieller oder immaterieller Art, welche aus dem Zugriff oder der Nutzung bzw. Nichtnutzung der ver\u00f6ffentlichten Informationen, durch Missbrauch der Verbindung oder durch technische St\u00f6rungen entstanden sind, werden ausgeschlossen. Alle Angebote sind unverbindlich. Der Autor beh\u00e4lt es sich ausdr\u00fccklich vor, Teile der Seiten oder das gesamte Angebot ohne gesonderte Ank\u00fcndigung zu ver\u00e4ndern, zu erg\u00e4nzen, zu l\u00f6schen oder die Ver\u00f6ffentlichung zeitweise oder endg\u00fcltig einzustellen.<\/p>\n<p>Haftung f\u00fcr Links: Verweise und Links auf Webseiten Dritter liegen au\u00dferhalb unseres Verantwortungsbereichs Es wird jegliche Verantwortung f\u00fcr solche Webseiten abgelehnt. Der Zugriff und die Nutzung solcher Webseiten erfolgen auf eigene Gefahr des Nutzers oder der Nutzerin.<\/p>\n<p>Urheberrechte: Die Urheber- und alle anderen Rechte an Inhalten, Bildern, Fotos oder anderen Dateien auf der Website geh\u00f6ren ausschlie\u00dflich <strong>der Firma Zum Klingender Kreisel OG<\/strong>\u00a0oder den speziell genannten Rechtsinhabern. F\u00fcr die Reproduktion jeglicher Elemente ist die schriftliche Zustimmung der Urheberrechtstr\u00e4ger im Voraus einzuholen.<\/p>\n<p><a href=\"http:\/\/klingenderkreisel.at\/index.php\/datenschutz\/\">Datenschutz<\/a><\/p>\n<p>Bildrechte: Zum Klingender Kreisel OG, <a href=\"http:\/\/www.mediadome.at\">Mediadome Werbeagentur<\/a><\/p>\n<\/div><div class=\"fusion-clearfix\"><\/div><\/div><\/div><\/div><\/div>\n","protected":false},"excerpt":{"rendered":"","protected":false},"author":4,"featured_media":0,"parent":0,"menu_order":0,"comment_status":"closed","ping_status":"closed","template":"","meta":{"_exactmetrics_skip_tracking":false,"_exactmetrics_sitenote_active":false,"_exactmetrics_sitenote_note":"","_exactmetrics_sitenote_category":0,"footnotes":""},"class_list":["post-2","page","type-page","status-publish","hentry"],"_links":{"self":[{"href":"https:\/\/klingenderkreisel.at\/index.php\/wp-json\/wp\/v2\/pages\/2","targetHints":{"allow":["GET"]}}],"collection":[{"href":"https:\/\/klingenderkreisel.at\/index.php\/wp-json\/wp\/v2\/pages"}],"about":[{"href":"https:\/\/klingenderkreisel.at\/index.php\/wp-json\/wp\/v2\/types\/page"}],"author":[{"embeddable":true,"href":"https:\/\/klingenderkreisel.at\/index.php\/wp-json\/wp\/v2\/users\/4"}],"replies":[{"embeddable":true,"href":"https:\/\/klingenderkreisel.at\/index.php\/wp-json\/wp\/v2\/comments?post=2"}],"version-history":[{"count":1,"href":"https:\/\/klingenderkreisel.at\/index.php\/wp-json\/wp\/v2\/pages\/2\/revisions"}],"predecessor-version":[{"id":1764,"href":"https:\/\/klingenderkreisel.at\/index.php\/wp-json\/wp\/v2\/pages\/2\/revisions\/1764"}],"wp:attachment":[{"href":"https:\/\/klingenderkreisel.at\/index.php\/wp-json\/wp\/v2\/media?parent=2"}],"curies":[{"name":"wp","href":"https:\/\/api.w.org\/{rel}","templated":true}]}}